y - 52, -3*y + 18 = -4*i + 264. Let s = i - -135. What is the hundreds digit of s?
1
What is the units digit of (5 - (-5 - -6 - 33497))/((-15)/(-10))?
4
Suppose g - 4*q - 110 = 3*g, -5*g - 231 = -q. Let z = g - -52. Suppose -6*a + z*a = -147. What is the units digit of a?
7
Let a = 4194 - 1798. Suppose -64*r - a = -68*r. What is the tens digit of r?
9
Suppose -5*h + 30 = -25. What is the units digit of (-2)/h - (-5 + 2632/(-77))?
9
Let v(q) = q**3 - 44*q**2 + 129*q - 4100. What is the units digit of v(50)?
0
Suppose -l - 4*l + 45 = 0. Suppose -3*f + 2*j + 18 = -j, 3*j = -l. Suppose f*x + 5*p - 162 = 109, 2*x = -3*p + 182. What is the tens digit of x?
9
Suppose 141*o - 11770 = 130*o. What is the hundreds digit of o?
0
Let v(x) = 15 - 10 + 59*x + 8 + 43. Let y be v(16). Suppose -y + 3004 = 12*s. What is the units digit of s?
7
Let f be 0*(4 + -3)/1 + 15. Suppose -f*k = -13 - 17. Suppose -5*z + k*t + 0*t = -1346, 2*z + 3*t - 546 = 0. What is the tens digit of z?
7
What is the thousands digit of 21711/(-7)*(-3262)/1398?
7
Let n(u) = 3*u + 3. Let a be n(10). Let p = 30 - 30. Suppose p = -z + 2*z + 5*g - a, 88 = 2*z - g. What is the units digit of z?
3
Let z = -976 + 979. Suppose -z*v + 0*v = 4*j - 430, 0 = -v + j + 134. What is the units digit of v?
8
Let r be 3 - (-4 - -6) - -5. What is the tens digit of (-14710)/(-38) + r/(-57)?
8
Let f = 28413 + 50. What is the units digit of f?
3
Suppose -34*k + 4*x = -36*k + 100, k + x = 52. Suppose 3*z = -2*p + 130, z = -5*p + 333 + 5. Let t = p - k. What is the tens digit of t?
1
Suppose -24*i + 473620 = 19*i + 27*i. What is the thousands digit of i?
6
Let w(p) = 23967*p + 8154. What is the tens digit of w(3)?
5
Let b = 50 + -28. Suppose 3*d - d - b = 0. Suppose 0 = -5*m + 2*o + 276, -5*m + o - d + 284 = 0. What is the tens digit of m?
5
Let s(r) = -17*r**2 - r - 10. Let o be s(4). Let d = o + 355. What is the tens digit of d?
6
Let s(b) = b**3 - 5*b**2 - 23*b + 10. Let v be s(8). Suppose -v*y + 6168 = 876. What is the units digit of y?
4
Let v be (-2205)/84 - (3/4 - 1). Let u be v/(-182) - 4660/(-14). Let q = u + -195. What is the units digit of q?
8
Suppose 0*o + 5*f = -3*o - 553, f = -5*o - 907. Let n = o - -462. Let p = n - 188. What is the units digit of p?
3
Let v(i) = 38*i**2 + 105*i + 5012. What is the tens digit of v(-38)?
9
Let f be ((-2073)/(-33) - -1) + 6/33. Let v = f + -61. What is the tens digit of 232/v + 14/21?
7
Let g(u) = 2*u - 7. Let w be g(3). Let l(r) = 20*r + 4. Let b(o) = -o + 1. Let x(a) = w*l(a) - 3*b(a). What is the tens digit of x(-5)?
7
Let y be (-3 - 135)/(-2) + 6/(-3). Let k = -79 + y. What is the hundreds digit of (-11179)/(-42) + 2/k?
2
Suppose 3*t - 1955 - 19096 = -3*b, 0 = -b - 2*t + 7012. What is the hundreds digit of b?
0
Let b(c) = 1262*c + 4671. What is the ten thousands digit of b(15)?
2
Suppose 13664*n - 13662*n - 54156 = 29466. What is the thousands digit of n?
1
Let f(q) = 20*q**2 + 6*q + 20. Let g be (-4)/(-6)*(-324)/(-36). What is the hundreds digit of f(g)?
7
Let p(y) = -y**3 - 12*y**2 - y - 11. Suppose -7*o + 2*o + 3*k = 25, -5*o + 4*k - 30 = 0. Let l be 3/o*(7 + -3 - -4). What is the units digit of p(l)?
1
Suppose 2*h + 1211 - 229 = -4*m, -4*h = 4*m + 1980. Let j = h + 853. What is the tens digit of j?
5
Suppose 291*v - 333*v + 80052 = 0. What is the thousands digit of v?
1
What is the tens digit of ((-5)/(5/492))/(0 - (-7)/(-203))?
6
Let l(j) = -67*j**3 - 9 - 11*j**2 - 13*j**2 + 68*j**3 + 29*j. Suppose 101 - 9 = 4*t. What is the hundreds digit of l(t)?
1
Let r = -2033 + 1296. Let l = r - -2194. What is the tens digit of l?
5
Suppose 16*j = 37*j - 105. Let b be (0 - 46)/(2/(-3)). What is the units digit of (-3)/((-9)/j)*b?
5
Suppose 4*c - 3*q = 2*q + 21566, -2*c = 4*q - 10796. Let x = c - 3807. What is the units digit of x?
7
Suppose 61*i - 428620 = 3*i. What is the tens digit of i?
9
Let d be -305*5/(5/(-7))*-1. Let r = -1131 - d. What is the thousands digit of r?
1
Suppose 3*f + 3*u - 1301 = 8*u, 0 = -3*f - u + 1331. What is the hundreds digit of 3/((1 - 4) + f/147)?
4
Let m be ((-8)/(-2))/(5/(-5) - -5). What is the units digit of (91/140*8)/(m/45)?
4
Suppose -5*h = n - 14, 5*n + 5*h - 66 - 4 = 0. Suppose n*k - 1724 = 10*k. What is the tens digit of k?
3
Let v(q) be the third derivative of -5*q**4/12 + 71*q**3/6 - 7*q**2 - q. What is the units digit of v(0)?
1
What is the tens digit of 680/340 - ((-5413)/(-2))/((-1)/8)?
5
Let b be 4/(-12) + 122/6. Let i be (-42)/(-5) - (1 + (-12)/b). Suppose 4*h = i*h - 44. What is the units digit of h?
1
Let f(m) = -11*m**3 - 5*m**2 - 11*m - 7. Let k(t) = -3*t - 45. Let q be k(-14). What is the hundreds digit of f(q)?
2
Let j(p) = 2*p**2 - p**2 + 25*p + 15*p - 44*p - 10. What is the thousands digit of j(-42)?
1
Let v = 86 + -48. Suppose -5*u + v = 2*b, -b + 0*b - 14 = -3*u. Suppose -u*y = -167 - 67. What is the tens digit of y?
3
Let t = 9 - 4. Suppose -16*u + 4*o = -21*u + 50, 3*u + 3*o - 30 = 0. Suppose u*k = t*k + 215. What is the tens digit of k?
4
Let h = -33604 + 115280. What is the units digit of h?
6
Suppose 0 = 4*i + 2*w + w + 9, -3 = i + w. What is the tens digit of -5 + (i - 2)/((-4)/1322)?
5
Let a(r) be the third derivative of 157*r**5/60 - 29*r**4/24 - 29*r**3/3 - r**2 + 5*r. What is the units digit of a(-2)?
8
What is the units digit of (-24549)/7*(5 + 154/(-21))?
3
Let q(i) = 569*i**2 + 15*i + 6. What is the hundreds digit of q(-4)?
0
Suppose 0 = -i - 2*c + 49320, 13*i - 246582 = 8*i - c. What is the thousands digit of i?
9
Let h(x) = 3*x**2 - 17*x - 2. Let m(b) = -b**2 - 2*b - 7. Let q be m(-4). Let c = -6 - q. What is the units digit of h(c)?
8
Let x be 28/12 - (-2)/(-6). Suppose x*h + 3*a + 80 = 0, 5*h - 2*a = 3*a - 200. Let q = h + 79. What is the units digit of q?
9
Let n be (-466)/((2/3)/((-1)/3)). Let r = n + -221. What is the tens digit of r?
1
Let w be 609 + (10 + -4 - 10). Let y = w - 21. What is the units digit of y?
4
Suppose 0 = x + 3*l - 2, 0*x = 2*x - 4*l - 4. Suppose -3*s + 8 = -5*s. What is the units digit of 2/s*x + 42?
1
Suppose -13*s + 12*s = -5. Suppose 5*r = -s*m + 4460, 6*m - 892 = 5*m - 3*r. What is the tens digit of m?
9
Suppose -449 = -15*t - 3809. Let p = t - -538. What is the hundreds digit of p?
3
Suppose -4*i + 10730 = -197*h + 195*h, -4*h = -3*i + 8060. What is the tens digit of i?
8
Let h(o) = 188*o**2 - 247*o - 20. What is the tens digit of h(7)?
6
Let n(m) = -3*m**3 + 3*m**2 + 30*m + 3. Suppose 4 = 44*s - 45*s. What is the hundreds digit of n(s)?
1
Let d be (-10)/35*-1 + (-1311)/7. Let y = 437 + d. Let c = -142 + y. What is the units digit of c?
8
Suppose -9*s - 15*s - 31056 = 0. Let q = -637 - s. What is the units digit of q?
7
Let o(x) = 2*x + 48. Let t = -54 - -31. Let c be o(t). Suppose -5*q + 121 = g, q - 3*q = c*g - 234. What is the units digit of g?
6
Let c(d) = 37*d + 65. Let h(q) = 39*q + 63. Let i(s) = -4*c(s) + 3*h(s). What is the units digit of i(-38)?
7
Let g(b) = -15*b**3 + 10*b**2 - 21*b - 322. What is the units digit of g(-10)?
8
Suppose h + 2*y - 26647 = -y, -106588 = -4*h + y. What is the thousands digit of h?
6
Suppose 0 = 3*n + 46*f - 42*f - 49245, -2*n + 5*f + 32784 = 0. What is the hundreds digit of n?
4
Suppose 4*b = q - 38, -3*q + 24 = -2*b - 0*q. Let f be 1 + 2 + b/((-6)/(-2)). Suppose 0 = -5*l - 20, f = -4*i - 3*l - 151 + 419. What is the tens digit of i?
7
Suppose 0 = -2*d - 65 - 57. Let k = -65 - d. Let t(v) = 9*v**2 + 8*v - 4. What is the tens digit of t(k)?
0
What is the tens digit of 11 - ((-54)/81 + 59726/(-6))?
6
What is the tens digit of (-12 - 676/(-56)) + (1796394/28 - 1)?
5
Let s = 5230 - -19826. What is the ten thousands digit of s?
2
What is the thousands digit of 10/((-640)/(-96))*12*201?
3
Let h be (-15)/20*(-84)/7. Suppose 5137 - 1852 = h*w. What is the tens digit of w?
6
Let g(m) = 70*m - 14 - 50*m + 18*m**2 + m**3 - 2*m**3. Let l be g(19). Suppose -l*h + 10*h = 395. What is the tens digit of h?
7
Let m be 297*(6 - (1 - -4)). Let d = -114 + m. What is the units digit of d?
3
Let g(n) = -n**3 + 60*n**2 + 79*n + 804. What is the thousands digit of g(46)?
4
Let c(l) = 1976*l - 641. What is the hundreds digit of c(8)?
1
Let a = -541 + 133. Let p = 776 + a. What is the units digit of p?
8
Suppose -87*k + 312444 = -33*k. What is the th